{"id":8065,"date":"2025-07-03T15:50:33","date_gmt":"2025-07-03T13:50:33","guid":{"rendered":"https:\/\/www.asta.thm.de\/veranstaltung\/ville-pour-tous-giessen-sorganise-pour-un-demain-solidaire\/"},"modified":"2025-07-03T15:50:33","modified_gmt":"2025-07-03T13:50:33","slug":"ville-pour-tous-giessen-sorganise-pour-un-demain-solidaire","status":"publish","type":"tribe_events","link":"https:\/\/www.asta.thm.de\/fr\/veranstaltung\/ville-pour-tous-giessen-sorganise-pour-un-demain-solidaire\/","title":{"rendered":"Ville pour tous &#8211; Giessen s&rsquo;organise pour un demain solidaire"},"content":{"rendered":"<p><b><i>Chers \u00e9tudiants, chers coll\u00e8gues,<\/i><\/b><\/p>\n<p><b><i>sous le slogan \u00ab\u00a0Ville pour tous &#8211; Giessen s&rsquo;organise pour un demain solidaire\u00a0\u00bb, un week-end d&rsquo;action aura lieu \u00e0 Giessen du 4 au 6 juillet, sous le signe de la rencontre, de la durabilit\u00e9 et de la solidarit\u00e9. <\/i><\/b><\/p>\n<p><b><i>L&rsquo;objectif est de transformer Giessen en un espace urbain ouvert, cr\u00e9atif et vivant, dans lequel tous les individus, ind\u00e9pendamment de leur origine, de leur statut ou de leur mode de vie, ont la possibilit\u00e9 de participer. Des actions vari\u00e9es sont pr\u00e9vues, comme de la musique, des lectures, de l&rsquo;art, des activit\u00e9s participatives, des conf\u00e9rences, des caf\u00e9s linguistiques, des concerts en colocation, des march\u00e9s aux puces (dans la cour) et bien plus encore. Au centre-ville et d\u00e9centralis\u00e9 dans les diff\u00e9rents quartiers.  <\/i><\/b><\/p>\n<p><b><i>De quoi s&rsquo;agit-il ? Ce week-end ne cr\u00e9e pas seulement un espace de rencontre, mais favorise \u00e9galement la mise en r\u00e9seau durable d&rsquo;initiatives locales, d&rsquo;individus engag\u00e9s et de \u00ab\u00a0lieux pour tous\u00a0\u00bb. Il s&rsquo;agit de construire Giessen ensemble, de mani\u00e8re cr\u00e9ative et inclusive : f\u00e9ministe, \u00e9cologique, socialement \u00e9quitable et vivante.  <\/i><\/b><\/p>\n<p><b><i>Que pouvez-vous faire ? Vous pouvez participer au programme. En apportant votre contribution, en organisant une action ou en aidant \u00e0 sa r\u00e9alisation. Vous pouvez diffuser l&rsquo;id\u00e9e dans votre initiative, votre colocation ou votre quartier et inviter les gens \u00e0 participer. Vous pouvez \u00e9galement aider \u00e0 atteindre d&rsquo;autres personnes en leur envoyant ce message.    <\/i><\/b><\/p>\n<p><b><i>Vous trouverez plus d&rsquo;informations ainsi que le programme r\u00e9guli\u00e8rement mis \u00e0 jour sur notre site web : stadt-fuer-alle-giessen.de<\/i><\/b><\/p>\n<p><b><i>Si vous avez des questions ou si vous souhaitez participer, n&rsquo;h\u00e9sitez pas \u00e0 \u00e9crire \u00e0 : stadt-fuer-alle@systemli.org<\/i><\/b><\/p>\n<p><b><i>Montrons ensemble \u00e0 quel point Giessen peut \u00eatre color\u00e9, solidaire et cr\u00e9atif !  <\/i><\/b><\/p>\n<p><b><i>Meilleures salutations,  <\/i><\/b><\/p>\n<p><b><i>l&rsquo;\u00e9quipe organisatrice<br \/>\nde \u00ab\u00a0Ville pour tous\u00a0\u00bb.<\/i><\/b><\/p>\n","protected":false},"excerpt":{"rendered":"<p>Chers \u00e9tudiants, chers coll\u00e8gues, sous le slogan \u00ab\u00a0Ville pour tous &#8211; Giessen s&rsquo;organise pour un demain solidaire\u00a0\u00bb, un week-end d&rsquo;action aura lieu \u00e0 Giessen du 4 au 6 juillet, sous [&hellip;]<\/p>\n","protected":false},"author":15,"featured_media":0,"template":"","meta":{"_et_pb_use_builder":"","_et_pb_old_content":"","_et_gb_content_width":"","_tribe_events_status":"","_tribe_events_status_reason":"","footnotes":""},"tags":[],"tribe_events_cat":[],"class_list":["post-8065","tribe_events","type-tribe_events","status-publish","hentry"],"post_mailing_queue_ids":[],"_links":{"self":[{"href":"https:\/\/www.asta.thm.de\/fr\/wp-json\/wp\/v2\/tribe_events\/8065","targetHints":{"allow":["GET"]}}],"collection":[{"href":"https:\/\/www.asta.thm.de\/fr\/wp-json\/wp\/v2\/tribe_events"}],"about":[{"href":"https:\/\/www.asta.thm.de\/fr\/wp-json\/wp\/v2\/types\/tribe_events"}],"author":[{"embeddable":true,"href":"https:\/\/www.asta.thm.de\/fr\/wp-json\/wp\/v2\/users\/15"}],"version-history":[{"count":0,"href":"https:\/\/www.asta.thm.de\/fr\/wp-json\/wp\/v2\/tribe_events\/8065\/revisions"}],"wp:attachment":[{"href":"https:\/\/www.asta.thm.de\/fr\/wp-json\/wp\/v2\/media?parent=8065"}],"wp:term":[{"taxonomy":"post_tag","embeddable":true,"href":"https:\/\/www.asta.thm.de\/fr\/wp-json\/wp\/v2\/tags?post=8065"},{"taxonomy":"tribe_events_cat","embeddable":true,"href":"https:\/\/www.asta.thm.de\/fr\/wp-json\/wp\/v2\/tribe_events_cat?post=8065"}],"curies":[{"name":"wp","href":"https:\/\/api.w.org\/{rel}","templated":true}]}}

<p><b><i>Chers étudiants, chers collègues,</i></b></p>
<p><b><i>sous le slogan « Ville pour tous &#8211; Giessen s&rsquo;organise pour un demain solidaire », un week-end d&rsquo;action aura lieu à Giessen du 4 au 6 juillet, sous le signe de la rencontre, de la durabilité et de la solidarité. </i></b></p>
<p><b><i>L&rsquo;objectif est de transformer Giessen en un espace urbain ouvert, créatif et vivant, dans lequel tous les individus, indépendamment de leur origine, de leur statut ou de leur mode de vie, ont la possibilité de participer. Des actions variées sont prévues, comme de la musique, des lectures, de l&rsquo;art, des activités participatives, des conférences, des cafés linguistiques, des concerts en colocation, des marchés aux puces (dans la cour) et bien plus encore. Au centre-ville et décentralisé dans les différents quartiers.  </i></b></p>
<p><b><i>De quoi s&rsquo;agit-il ? Ce week-end ne crée pas seulement un espace de rencontre, mais favorise également la mise en réseau durable d&rsquo;initiatives locales, d&rsquo;individus engagés et de « lieux pour tous ». Il s&rsquo;agit de construire Giessen ensemble, de manière créative et inclusive : féministe, écologique, socialement équitable et vivante.  </i></b></p>
<p><b><i>Que pouvez-vous faire ? Vous pouvez participer au programme. En apportant votre contribution, en organisant une action ou en aidant à sa réalisation. Vous pouvez diffuser l&rsquo;idée dans votre initiative, votre colocation ou votre quartier et inviter les gens à participer. Vous pouvez également aider à atteindre d&rsquo;autres personnes en leur envoyant ce message.    </i></b></p>
<p><b><i>Vous trouverez plus d&rsquo;informations ainsi que le programme régulièrement mis à jour sur notre site web : stadt-fuer-alle-giessen.de</i></b></p>
<p><b><i>Si vous avez des questions ou si vous souhaitez participer, n&rsquo;hésitez pas à écrire à : stadt-fuer-alle@systemli.org</i></b></p>
<p><b><i>Montrons ensemble à quel point Giessen peut être coloré, solidaire et créatif !  </i></b></p>
<p><b><i>Meilleures salutations,  </i></b></p>
<p><b><i>l&rsquo;équipe organisatrice<br />
de « Ville pour tous ».</i></b></p>

<p>Chers étudiants, chers collègues, sous le slogan « Ville pour tous &#8211; Giessen s&rsquo;organise pour un demain solidaire », un week-end d&rsquo;action aura lieu à Giessen du 4 au 6 juillet, sous [&hellip;]</p>
