{"id":7946,"date":"2025-06-25T09:47:48","date_gmt":"2025-06-25T07:47:48","guid":{"rendered":"https:\/\/www.asta.thm.de\/veranstaltung\/atelier-des-combattants-de-la-table-des-habitues\/"},"modified":"2025-06-25T09:47:48","modified_gmt":"2025-06-25T07:47:48","slug":"atelier-des-combattants-de-la-table-des-habitues","status":"publish","type":"tribe_events","link":"https:\/\/www.asta.thm.de\/fr\/veranstaltung\/atelier-des-combattants-de-la-table-des-habitues\/","title":{"rendered":"Atelier des combattants de la table des habitu\u00e9s*."},"content":{"rendered":"<div data-v-ddd5e67e=\"\">\n<div data-v-ddd5e67e=\"\">\n<p data-v-ddd5e67e=\"\">Bonjour chers \u00e9tudiants,<\/p>\n<p data-v-ddd5e67e=\"\">dans le cadre de la pouss\u00e9e actuelle de l&rsquo;extr\u00eame droite, nous invitons les \u00ab Stammtischk\u00e4mpfer* \u00bb \u00e0 Giessen le 29 juin 2025.<br data-v-ddd5e67e=\"\">De plus en plus de personnes perdent leurs inhibitions et expriment ouvertement des slogans d&rsquo;extr\u00eame droite et discriminatoires.<br data-v-ddd5e67e=\"\">Les \u00ab Stammtischk\u00e4mpfer* \u00bb organisent des s\u00e9minaires contre les slogans d&rsquo;extr\u00eame droite et discriminatoires que nous connaissons malheureusement tous dans notre vie quotidienne.<br data-v-ddd5e67e=\"\">Que ce soit dans le train, au travail ou en faisant ses courses au supermarch\u00e9, les \u00ab Stammtisch \u00bb ont lieu partout.<\/p>\n<p data-v-ddd5e67e=\"\">L&rsquo;atelier offre des possibilit\u00e9s d&rsquo;action pour surmonter la premi\u00e8re seconde de peur et affirmer sa propre position avec plus de force. Il s&rsquo;agit d&rsquo;explorer les possibilit\u00e9s de r\u00e9action, les obstacles et les solutions possibles.<br data-v-ddd5e67e=\"\">L&rsquo;atelier aura lieu le dimanche 29 juin 2025 de 10h \u00e0 17h (y compris la pause d\u00e9jeuner), dans la salle des toits de la DGB (Walltorstra\u00dfe 17, 6e \u00e9tage).<br data-v-ddd5e67e=\"\">La participation \u00e0 l&rsquo;atelier est gratuite.<br data-v-ddd5e67e=\"\">Si vous \u00eates int\u00e9ress\u00e9(e) par une participation, nous vous prions de vous inscrire \u00e0 l&rsquo;adresse e-mail suivante : <a href=\"mailto:stammtischkaempfer_innen.org.gi@web.de\" data-v-ddd5e67e=\"\">stammtischkaempfer_innen.org.gi@web.de,<\/a> mais si vous n&rsquo;\u00eates pas s\u00fbr(e) de pouvoir venir ou si vous \u00eates disponible \u00e0 la derni\u00e8re minute, vous pouvez aussi venir spontan\u00e9ment sans vous inscrire. <\/p>\n<p data-v-ddd5e67e=\"\">Nous nous r\u00e9jouissons de votre participation.<br data-v-ddd5e67e=\"\">Faisons ensemble face aux slogans d&rsquo;extr\u00eame droite et discriminatoires !<\/p>\n<\/div>\n<\/div>\n","protected":false},"excerpt":{"rendered":"<p>Bonjour chers \u00e9tudiants, dans le cadre de la pouss\u00e9e actuelle de l&rsquo;extr\u00eame droite, nous invitons les \u00ab Stammtischk\u00e4mpfer* \u00bb \u00e0 Giessen le 29 juin 2025.De plus en plus de personnes [&hellip;]<\/p>\n","protected":false},"author":15,"featured_media":7950,"template":"","meta":{"_et_pb_use_builder":"","_et_pb_old_content":"","_et_gb_content_width":"","_tribe_events_status":"","_tribe_events_status_reason":"","footnotes":""},"tags":[],"tribe_events_cat":[],"class_list":["post-7946","tribe_events","type-tribe_events","status-publish","has-post-thumbnail","hentry"],"post_mailing_queue_ids":[],"_links":{"self":[{"href":"https:\/\/www.asta.thm.de\/fr\/wp-json\/wp\/v2\/tribe_events\/7946","targetHints":{"allow":["GET"]}}],"collection":[{"href":"https:\/\/www.asta.thm.de\/fr\/wp-json\/wp\/v2\/tribe_events"}],"about":[{"href":"https:\/\/www.asta.thm.de\/fr\/wp-json\/wp\/v2\/types\/tribe_events"}],"author":[{"embeddable":true,"href":"https:\/\/www.asta.thm.de\/fr\/wp-json\/wp\/v2\/users\/15"}],"version-history":[{"count":0,"href":"https:\/\/www.asta.thm.de\/fr\/wp-json\/wp\/v2\/tribe_events\/7946\/revisions"}],"wp:featuredmedia":[{"embeddable":true,"href":"https:\/\/www.asta.thm.de\/fr\/wp-json\/wp\/v2\/media\/7950"}],"wp:attachment":[{"href":"https:\/\/www.asta.thm.de\/fr\/wp-json\/wp\/v2\/media?parent=7946"}],"wp:term":[{"taxonomy":"post_tag","embeddable":true,"href":"https:\/\/www.asta.thm.de\/fr\/wp-json\/wp\/v2\/tags?post=7946"},{"taxonomy":"tribe_events_cat","embeddable":true,"href":"https:\/\/www.asta.thm.de\/fr\/wp-json\/wp\/v2\/tribe_events_cat?post=7946"}],"curies":[{"name":"wp","href":"https:\/\/api.w.org\/{rel}","templated":true}]}}

Atelier des combattants de la table des habitués*.

<div data-v-ddd5e67e="">
<div data-v-ddd5e67e="">
<p data-v-ddd5e67e="">Bonjour chers étudiants,</p>
<p data-v-ddd5e67e="">dans le cadre de la poussée actuelle de l&rsquo;extrême droite, nous invitons les « Stammtischkämpfer* » à Giessen le 29 juin 2025.<br data-v-ddd5e67e="">De plus en plus de personnes perdent leurs inhibitions et expriment ouvertement des slogans d&rsquo;extrême droite et discriminatoires.<br data-v-ddd5e67e="">Les « Stammtischkämpfer* » organisent des séminaires contre les slogans d&rsquo;extrême droite et discriminatoires que nous connaissons malheureusement tous dans notre vie quotidienne.<br data-v-ddd5e67e="">Que ce soit dans le train, au travail ou en faisant ses courses au supermarché, les « Stammtisch » ont lieu partout.</p>
<p data-v-ddd5e67e="">L&rsquo;atelier offre des possibilités d&rsquo;action pour surmonter la première seconde de peur et affirmer sa propre position avec plus de force. Il s&rsquo;agit d&rsquo;explorer les possibilités de réaction, les obstacles et les solutions possibles.<br data-v-ddd5e67e="">L&rsquo;atelier aura lieu le dimanche 29 juin 2025 de 10h à 17h (y compris la pause déjeuner), dans la salle des toits de la DGB (Walltorstraße 17, 6e étage).<br data-v-ddd5e67e="">La participation à l&rsquo;atelier est gratuite.<br data-v-ddd5e67e="">Si vous êtes intéressé(e) par une participation, nous vous prions de vous inscrire à l&rsquo;adresse e-mail suivante : <a href="mailto:stammtischkaempfer_innen.org.gi@web.de" data-v-ddd5e67e="">stammtischkaempfer_innen.org.gi@web.de,</a> mais si vous n&rsquo;êtes pas sûr(e) de pouvoir venir ou si vous êtes disponible à la dernière minute, vous pouvez aussi venir spontanément sans vous inscrire. </p>
<p data-v-ddd5e67e="">Nous nous réjouissons de votre participation.<br data-v-ddd5e67e="">Faisons ensemble face aux slogans d&rsquo;extrême droite et discriminatoires !</p>
</div>
</div>

<p>Bonjour chers étudiants, dans le cadre de la poussée actuelle de l&rsquo;extrême droite, nous invitons les « Stammtischkämpfer* » à Giessen le 29 juin 2025.De plus en plus de personnes [&hellip;]</p>
