{"id":7905,"date":"2025-06-11T21:16:18","date_gmt":"2025-06-11T19:16:18","guid":{"rendered":"https:\/\/www.asta.thm.de\/veranstaltung\/manifestation-sur-la-menace-de-coupes-budgetaires-dans-lenseignement-superieur-par-le-pacte-universitaire\/"},"modified":"2025-06-11T21:16:18","modified_gmt":"2025-06-11T19:16:18","slug":"manifestation-sur-la-menace-de-coupes-budgetaires-dans-lenseignement-superieur-par-le-pacte-universitaire","status":"publish","type":"tribe_events","link":"https:\/\/www.asta.thm.de\/fr\/veranstaltung\/manifestation-sur-la-menace-de-coupes-budgetaires-dans-lenseignement-superieur-par-le-pacte-universitaire\/","title":{"rendered":"Manifestation sur la menace de coupes budg\u00e9taires dans l&rsquo;enseignement sup\u00e9rieur par le pacte universitaire"},"content":{"rendered":"<div>\u26a0\ufe0f Nous vous appelons : UNI-STREIK #UNK\u00dcRZBAR \u00e0 Giessen le 18.06. dans le cadre d&rsquo;une journ\u00e9e d&rsquo;action dans toute la Hesse \u00e0 cause des menaces de coupes budg\u00e9taires dans les universit\u00e9s. <\/div>\n<div><\/div>\n<div><b>Manifestation de la THM &#8211; par l&rsquo;AStA de la THM<\/b><\/div>\n<div><b>\ud83d\udd53 Mercredi 18 juin \u00e0 12h45<\/b><\/div>\n<div><b>\ud83d\udccd D\u00e9part : D-Campus (Giessen)<\/b><\/div>\n<div><\/div>\n<div>Manifestation de JLU &#8211; par l&rsquo;AStA de JLU<\/div>\n<div>\ud83d\udd53 Mercredi 18 juin \u00e0 11h45<\/div>\n<div>\ud83d\udccd D\u00e9part : Philosophikum II, devant le b\u00e2timent H<\/div>\n<div><\/div>\n<div>\ud83d\udccd Manifestation finale commune &#8211; <b>Berliner Platz, 14h00<\/b><\/div>\n<div><\/div>\n<div>\u203c\ufe0f Venez nombreux et amenez vos camarades de classe, vos \u00e9tudiants, vos assistants et vos professeurs.<\/div>\n<div>Il en va de notre \u00e9ducation, de notre avenir et de nos emplois.<\/div>\n<div><\/div>\n<div>\u27a1\ufe0f Les universit\u00e9s de Hesse ont un besoin urgent d&rsquo;investissements.<\/div>\n<div>A Marburg, les amphith\u00e9\u00e2tres s&rsquo;effondrent et \u00e0 Giessen, des d\u00e9partements entiers sont dans le rouge. Les enseignants-chercheurs sont submerg\u00e9s par les t\u00e2ches administratives, ce qui entra\u00eene une d\u00e9gradation de l&rsquo;enseignement chaque ann\u00e9e. <\/div>\n<div><\/div>\n<div>\u27a1\ufe0f Les universit\u00e9s sont en train de n\u00e9gocier le nouveau pacte universitaire avec le Land de Hesse.<\/div>\n<div>Il doit r\u00e9gler pour les 5 prochaines ann\u00e9es le montant que les universit\u00e9s recevront, y compris la compensation de l&rsquo;inflation et des co\u00fbts. <\/div>\n<div><\/div>\n<div>\u203c\ufe0f Apr\u00e8s plusieurs reports de la date de signature et des n\u00e9gociations toujours en cours, nous savons maintenant<\/div>\n<div>\u26a0\ufe0f Le Land de Hesse a l&rsquo;intention de proc\u00e9der \u00e0 des coupes budg\u00e9taires de plusieurs millions d&rsquo;euros.<\/div>\n<div><\/div>\n<div>\u27a1\ufe0f C&rsquo;est catastrophique pour les \u00e9tablissements d&rsquo;enseignement sup\u00e9rieur et cela signifie pour nous, \u00e9tudiants et travailleurs de l&rsquo;enseignement sup\u00e9rieur :<\/div>\n<div>&#8211; Blocages et suppressions de postes au sein du personnel<\/div>\n<div>&#8211; S\u00e9minaires surcharg\u00e9s, encadrement et enseignement de mauvaise qualit\u00e9<\/div>\n<div>&#8211; pas de maintien de l&#8217;emploi d&rsquo;agents auxiliaires<\/div>\n<div>&#8211; suppression \u00e9ventuelle de mati\u00e8res ou de cursus entiers<\/div>\n<div><\/div>\n<div>Il y a \u00e9galement des menaces :<\/div>\n<div>&#8211; des contributions semestrielles plus \u00e9lev\u00e9es<\/div>\n<div>&#8211; des repas plus chers au restaurant universitaire<\/div>\n<div>&#8211; et nous craignons \u00e9galement l&rsquo;introduction de frais de scolarit\u00e9<\/div>\n<div><\/div>\n<div>\ud83d\udce2 Rejoignez-nous dans la rue le 18 juin : <\/div>\n<div>\u27a1\ufe0f Stop aux mesures d&rsquo;aust\u00e9rit\u00e9 du minist\u00e8re des Finances !<\/div>\n<div>\n<p>\u27a1\ufe0f La recherche et l&rsquo;enseignement ont besoin d&rsquo;investissements et non de coupes budg\u00e9taires !<\/p>\n<p>Lien vers la p\u00e9tition <a href=\"https:\/\/www.gew-hessen-aktiv.de\/unterfinanzierung-beenden\" target=\"_blank\" rel=\"noopener\">: https:\/\/www.gew-hessen-aktiv.de\/unterfinanzierung-beenden<\/a><\/p>\n<\/div>\n","protected":false},"excerpt":{"rendered":"<p>\u26a0\ufe0f Nous vous appelons : UNI-STREIK #UNK\u00dcRZBAR \u00e0 Giessen le 18.06. dans le cadre d&rsquo;une journ\u00e9e d&rsquo;action dans toute la Hesse \u00e0 cause des menaces de coupes budg\u00e9taires dans les [&hellip;]<\/p>\n","protected":false},"author":15,"featured_media":0,"template":"","meta":{"_et_pb_use_builder":"","_et_pb_old_content":"","_et_gb_content_width":"","_tribe_events_status":"","_tribe_events_status_reason":"","footnotes":""},"tags":[],"tribe_events_cat":[],"class_list":["post-7905","tribe_events","type-tribe_events","status-publish","hentry"],"post_mailing_queue_ids":[],"_links":{"self":[{"href":"https:\/\/www.asta.thm.de\/fr\/wp-json\/wp\/v2\/tribe_events\/7905","targetHints":{"allow":["GET"]}}],"collection":[{"href":"https:\/\/www.asta.thm.de\/fr\/wp-json\/wp\/v2\/tribe_events"}],"about":[{"href":"https:\/\/www.asta.thm.de\/fr\/wp-json\/wp\/v2\/types\/tribe_events"}],"author":[{"embeddable":true,"href":"https:\/\/www.asta.thm.de\/fr\/wp-json\/wp\/v2\/users\/15"}],"version-history":[{"count":0,"href":"https:\/\/www.asta.thm.de\/fr\/wp-json\/wp\/v2\/tribe_events\/7905\/revisions"}],"wp:attachment":[{"href":"https:\/\/www.asta.thm.de\/fr\/wp-json\/wp\/v2\/media?parent=7905"}],"wp:term":[{"taxonomy":"post_tag","embeddable":true,"href":"https:\/\/www.asta.thm.de\/fr\/wp-json\/wp\/v2\/tags?post=7905"},{"taxonomy":"tribe_events_cat","embeddable":true,"href":"https:\/\/www.asta.thm.de\/fr\/wp-json\/wp\/v2\/tribe_events_cat?post=7905"}],"curies":[{"name":"wp","href":"https:\/\/api.w.org\/{rel}","templated":true}]}}

Manifestation sur la menace de coupes budgétaires dans l&rsquo;enseignement supérieur par le pacte universitaire

<div>⚠️ Nous vous appelons : UNI-STREIK #UNKÜRZBAR à Giessen le 18.06. dans le cadre d&rsquo;une journée d&rsquo;action dans toute la Hesse à cause des menaces de coupes budgétaires dans les universités. </div>
<div></div>
<div><b>Manifestation de la THM &#8211; par l&rsquo;AStA de la THM</b></div>
<div><b>🕓 Mercredi 18 juin à 12h45</b></div>
<div><b>📍 Départ : D-Campus (Giessen)</b></div>
<div></div>
<div>Manifestation de JLU &#8211; par l&rsquo;AStA de JLU</div>
<div>🕓 Mercredi 18 juin à 11h45</div>
<div>📍 Départ : Philosophikum II, devant le bâtiment H</div>
<div></div>
<div>📍 Manifestation finale commune &#8211; <b>Berliner Platz, 14h00</b></div>
<div></div>
<div>‼️ Venez nombreux et amenez vos camarades de classe, vos étudiants, vos assistants et vos professeurs.</div>
<div>Il en va de notre éducation, de notre avenir et de nos emplois.</div>
<div></div>
<div>➡️ Les universités de Hesse ont un besoin urgent d&rsquo;investissements.</div>
<div>A Marburg, les amphithéâtres s&rsquo;effondrent et à Giessen, des départements entiers sont dans le rouge. Les enseignants-chercheurs sont submergés par les tâches administratives, ce qui entraîne une dégradation de l&rsquo;enseignement chaque année. </div>
<div></div>
<div>➡️ Les universités sont en train de négocier le nouveau pacte universitaire avec le Land de Hesse.</div>
<div>Il doit régler pour les 5 prochaines années le montant que les universités recevront, y compris la compensation de l&rsquo;inflation et des coûts. </div>
<div></div>
<div>‼️ Après plusieurs reports de la date de signature et des négociations toujours en cours, nous savons maintenant</div>
<div>⚠️ Le Land de Hesse a l&rsquo;intention de procéder à des coupes budgétaires de plusieurs millions d&rsquo;euros.</div>
<div></div>
<div>➡️ C&rsquo;est catastrophique pour les établissements d&rsquo;enseignement supérieur et cela signifie pour nous, étudiants et travailleurs de l&rsquo;enseignement supérieur :</div>
<div>&#8211; Blocages et suppressions de postes au sein du personnel</div>
<div>&#8211; Séminaires surchargés, encadrement et enseignement de mauvaise qualité</div>
<div>&#8211; pas de maintien de l&#8217;emploi d&rsquo;agents auxiliaires</div>
<div>&#8211; suppression éventuelle de matières ou de cursus entiers</div>
<div></div>
<div>Il y a également des menaces :</div>
<div>&#8211; des contributions semestrielles plus élevées</div>
<div>&#8211; des repas plus chers au restaurant universitaire</div>
<div>&#8211; et nous craignons également l&rsquo;introduction de frais de scolarité</div>
<div></div>
<div>📢 Rejoignez-nous dans la rue le 18 juin : </div>
<div>➡️ Stop aux mesures d&rsquo;austérité du ministère des Finances !</div>
<div>
<p>➡️ La recherche et l&rsquo;enseignement ont besoin d&rsquo;investissements et non de coupes budgétaires !</p>
<p>Lien vers la pétition <a href="https://www.gew-hessen-aktiv.de/unterfinanzierung-beenden" target="_blank" rel="noopener">: https://www.gew-hessen-aktiv.de/unterfinanzierung-beenden</a></p>
</div>

<p>⚠️ Nous vous appelons : UNI-STREIK #UNKÜRZBAR à Giessen le 18.06. dans le cadre d&rsquo;une journée d&rsquo;action dans toute la Hesse à cause des menaces de coupes budgétaires dans les [&hellip;]</p>
