{"id":7896,"date":"2025-05-22T12:19:15","date_gmt":"2025-05-22T10:19:15","guid":{"rendered":"https:\/\/www.asta.thm.de\/veranstaltung\/marche-vert\/"},"modified":"2025-05-22T12:19:15","modified_gmt":"2025-05-22T10:19:15","slug":"marche-vert","status":"publish","type":"tribe_events","link":"https:\/\/www.asta.thm.de\/fr\/veranstaltung\/marche-vert\/","title":{"rendered":"March\u00e9 vert"},"content":{"rendered":"<div class=\"teaserbild\">\n<div class=\"bu-image\">\n<p>Notez d\u00e8s maintenant dans votre calendrier : Le 2 juillet de 16h \u00e0 20h, nous vous invitons \u00e0 un march\u00e9 aux puces, \u00e0 un \u00e9change de v\u00eatements et \u00e0 bien d&rsquo;autres choses encore sur le site de la Mensa Otto-Behaghel-Stra\u00dfe \u00e0 Giessen.<\/p>\n<\/div>\n<\/div>\n","protected":false},"excerpt":{"rendered":"<p>Notez d\u00e8s maintenant dans votre calendrier : Le 2 juillet de 16h \u00e0 20h, nous vous invitons \u00e0 un march\u00e9 aux puces, \u00e0 un \u00e9change de v\u00eatements et \u00e0 bien [&hellip;]<\/p>\n","protected":false},"author":15,"featured_media":0,"template":"","meta":{"_et_pb_use_builder":"","_et_pb_old_content":"","_et_gb_content_width":"","_tribe_events_status":"","_tribe_events_status_reason":"","footnotes":""},"tags":[],"tribe_events_cat":[],"class_list":["post-7896","tribe_events","type-tribe_events","status-publish","hentry"],"post_mailing_queue_ids":[],"_links":{"self":[{"href":"https:\/\/www.asta.thm.de\/fr\/wp-json\/wp\/v2\/tribe_events\/7896","targetHints":{"allow":["GET"]}}],"collection":[{"href":"https:\/\/www.asta.thm.de\/fr\/wp-json\/wp\/v2\/tribe_events"}],"about":[{"href":"https:\/\/www.asta.thm.de\/fr\/wp-json\/wp\/v2\/types\/tribe_events"}],"author":[{"embeddable":true,"href":"https:\/\/www.asta.thm.de\/fr\/wp-json\/wp\/v2\/users\/15"}],"version-history":[{"count":0,"href":"https:\/\/www.asta.thm.de\/fr\/wp-json\/wp\/v2\/tribe_events\/7896\/revisions"}],"wp:attachment":[{"href":"https:\/\/www.asta.thm.de\/fr\/wp-json\/wp\/v2\/media?parent=7896"}],"wp:term":[{"taxonomy":"post_tag","embeddable":true,"href":"https:\/\/www.asta.thm.de\/fr\/wp-json\/wp\/v2\/tags?post=7896"},{"taxonomy":"tribe_events_cat","embeddable":true,"href":"https:\/\/www.asta.thm.de\/fr\/wp-json\/wp\/v2\/tribe_events_cat?post=7896"}],"curies":[{"name":"wp","href":"https:\/\/api.w.org\/{rel}","templated":true}]}}

Marché vert

<div class="teaserbild">
<div class="bu-image">
<p>Notez dès maintenant dans votre calendrier : Le 2 juillet de 16h à 20h, nous vous invitons à un marché aux puces, à un échange de vêtements et à bien d&rsquo;autres choses encore sur le site de la Mensa Otto-Behaghel-Straße à Giessen.</p>
</div>
</div>

<p>Notez dès maintenant dans votre calendrier : Le 2 juillet de 16h à 20h, nous vous invitons à un marché aux puces, à un échange de vêtements et à bien [&hellip;]</p>
