{"id":7753,"date":"2025-05-22T12:15:23","date_gmt":"2025-05-22T10:15:23","guid":{"rendered":"https:\/\/www.asta.thm.de\/veranstaltung\/4e-journee-de-lenergie-et-du-developpement-durable-du-thm\/"},"modified":"2025-05-22T12:15:23","modified_gmt":"2025-05-22T10:15:23","slug":"4e-journee-de-lenergie-et-du-developpement-durable-du-thm","status":"publish","type":"tribe_events","link":"https:\/\/www.asta.thm.de\/fr\/veranstaltung\/4e-journee-de-lenergie-et-du-developpement-durable-du-thm\/","title":{"rendered":"4e Journ\u00e9e de l&rsquo;\u00e9nergie et du d\u00e9veloppement durable du THM"},"content":{"rendered":"<p>La THM organise le 4<strong>. Journ\u00e9e de l&rsquo;\u00e9nergie et du d\u00e9veloppement durable du THM<\/strong>  le <strong>25 juin 2025 de 10h00 \u00e0 17h00 sur le<\/strong> <strong>campus de Giessen <\/strong>. La journ\u00e9e de l&rsquo;\u00e9nergie et du d\u00e9veloppement durable est accompagn\u00e9e par des partenaires de l&rsquo;universit\u00e9. En plus des diverses expositions, des activit\u00e9s participatives et des stands de restauration, un programme est pr\u00e9vu sur la sc\u00e8ne. Nous invitons tous les membres de l&rsquo;universit\u00e9 et le public \u00e0 participer \u00e0 cet \u00e9v\u00e9nement.   <\/p>\n","protected":false},"excerpt":{"rendered":"<p>La THM organise le 4. Journ\u00e9e de l&rsquo;\u00e9nergie et du d\u00e9veloppement durable du THM le 25 juin 2025 de 10h00 \u00e0 17h00 sur le campus de Giessen . La journ\u00e9e [&hellip;]<\/p>\n","protected":false},"author":15,"featured_media":0,"template":"","meta":{"_et_pb_use_builder":"","_et_pb_old_content":"","_et_gb_content_width":"","_tribe_events_status":"","_tribe_events_status_reason":"","footnotes":""},"tags":[],"tribe_events_cat":[],"class_list":["post-7753","tribe_events","type-tribe_events","status-publish","hentry"],"post_mailing_queue_ids":[],"_links":{"self":[{"href":"https:\/\/www.asta.thm.de\/fr\/wp-json\/wp\/v2\/tribe_events\/7753","targetHints":{"allow":["GET"]}}],"collection":[{"href":"https:\/\/www.asta.thm.de\/fr\/wp-json\/wp\/v2\/tribe_events"}],"about":[{"href":"https:\/\/www.asta.thm.de\/fr\/wp-json\/wp\/v2\/types\/tribe_events"}],"author":[{"embeddable":true,"href":"https:\/\/www.asta.thm.de\/fr\/wp-json\/wp\/v2\/users\/15"}],"version-history":[{"count":0,"href":"https:\/\/www.asta.thm.de\/fr\/wp-json\/wp\/v2\/tribe_events\/7753\/revisions"}],"wp:attachment":[{"href":"https:\/\/www.asta.thm.de\/fr\/wp-json\/wp\/v2\/media?parent=7753"}],"wp:term":[{"taxonomy":"post_tag","embeddable":true,"href":"https:\/\/www.asta.thm.de\/fr\/wp-json\/wp\/v2\/tags?post=7753"},{"taxonomy":"tribe_events_cat","embeddable":true,"href":"https:\/\/www.asta.thm.de\/fr\/wp-json\/wp\/v2\/tribe_events_cat?post=7753"}],"curies":[{"name":"wp","href":"https:\/\/api.w.org\/{rel}","templated":true}]}}

4e Journée de l&rsquo;énergie et du développement durable du THM

<p>La THM organise le 4<strong>. Journée de l&rsquo;énergie et du développement durable du THM</strong>  le <strong>25 juin 2025 de 10h00 à 17h00 sur le</strong> <strong>campus de Giessen </strong>. La journée de l&rsquo;énergie et du développement durable est accompagnée par des partenaires de l&rsquo;université. En plus des diverses expositions, des activités participatives et des stands de restauration, un programme est prévu sur la scène. Nous invitons tous les membres de l&rsquo;université et le public à participer à cet événement.   </p>

<p>La THM organise le 4. Journée de l&rsquo;énergie et du développement durable du THM le 25 juin 2025 de 10h00 à 17h00 sur le campus de Giessen . La journée [&hellip;]</p>
