{"id":7720,"date":"2025-05-22T11:55:02","date_gmt":"2025-05-22T09:55:02","guid":{"rendered":"https:\/\/www.asta.thm.de\/veranstaltung\/visite-du-campus-thm-a-la-decouverte-du-monde-des-plantes-aromatiques\/"},"modified":"2025-05-22T11:55:16","modified_gmt":"2025-05-22T09:55:16","slug":"visite-du-campus-thm-a-la-decouverte-du-monde-des-plantes-aromatiques","status":"publish","type":"tribe_events","link":"https:\/\/www.asta.thm.de\/fr\/veranstaltung\/visite-du-campus-thm-a-la-decouverte-du-monde-des-plantes-aromatiques\/","title":{"rendered":"Visite du campus THM : \u00e0 la d\u00e9couverte du monde des plantes aromatiques"},"content":{"rendered":"<p>La biodiversit\u00e9 joue un r\u00f4le crucial dans notre \u00e9quilibre et notre sant\u00e9, ainsi que dans celle de notre environnement. En mai, la nature est d\u00e9j\u00e0 dans toute sa splendeur et nous pouvons d\u00e9couvrir une abondance de plantes sauvages. La promenade des herbes du THM, guid\u00e9e par le Dr Katharina Vogelsang, vous donnera un aper\u00e7u du monde fascinant de la biodiversit\u00e9 \u00e0 notre porte. Les \u00ab\u00a0plantes m\u00e9dicinales\u00a0\u00bb et les herbes comestibles sont pr\u00e9sent\u00e9es, tandis que les risques de confusion sont abord\u00e9s. L&rsquo;une ou l&rsquo;autre plante peut \u00e9galement \u00eatre importante pour la survie de certains insectes. La promenade des herbes a pour but de sensibiliser \u00e0 l&rsquo;importance de la biodiversit\u00e9 sur le campus et dans la plaine alluviale de la Wieseck, et de donner aux \u00e9tudiants la possibilit\u00e9 d&rsquo;en faire l&rsquo;exp\u00e9rience directement dans leur vie quotidienne d&rsquo;\u00e9tudiants. A la fin de cette promenade d&rsquo;environ 3 heures, vous ne serez pas des \u00ab\u00a0experts en herbes*\u00a0\u00bb, mais vous aurez un premier aper\u00e7u du monde v\u00e9g\u00e9tal et de son importance pour les hommes et les animaux. Et pour que la convivialit\u00e9 soit au rendez-vous, un fromage blanc aux herbes sera d\u00e9gust\u00e9 ensemble apr\u00e8s la promenade.       <\/p>\n<p>Si vous souhaitez y participer, veuillez vous inscrire par e-mail en indiquant votre nom complet \u00e0 l&rsquo;adresse suivante <span id=\"cloak9db0aa10df6d83fa040cd66fcb99dec1\"><a href=\"mailto:greenoffice@thm.de\">greenoffice@thm.de<\/a><\/span> pour vous inscrire. La participation est limit\u00e9e \u00e0 20 places. <\/p>\n<p>L&rsquo;\u00e9v\u00e9nement est une coop\u00e9ration entre Green Office et l&rsquo;AStA de la THM.<\/p>\n","protected":false},"excerpt":{"rendered":"<p>La biodiversit\u00e9 joue un r\u00f4le crucial dans notre \u00e9quilibre et notre sant\u00e9, ainsi que dans celle de notre environnement. En mai, la nature est d\u00e9j\u00e0 dans toute sa splendeur et [&hellip;]<\/p>\n","protected":false},"author":15,"featured_media":0,"template":"","meta":{"_et_pb_use_builder":"","_et_pb_old_content":"","_et_gb_content_width":"","_tribe_events_status":"","_tribe_events_status_reason":"","footnotes":""},"tags":[],"tribe_events_cat":[],"class_list":["post-7720","tribe_events","type-tribe_events","status-publish","hentry"],"post_mailing_queue_ids":[],"_links":{"self":[{"href":"https:\/\/www.asta.thm.de\/fr\/wp-json\/wp\/v2\/tribe_events\/7720","targetHints":{"allow":["GET"]}}],"collection":[{"href":"https:\/\/www.asta.thm.de\/fr\/wp-json\/wp\/v2\/tribe_events"}],"about":[{"href":"https:\/\/www.asta.thm.de\/fr\/wp-json\/wp\/v2\/types\/tribe_events"}],"author":[{"embeddable":true,"href":"https:\/\/www.asta.thm.de\/fr\/wp-json\/wp\/v2\/users\/15"}],"version-history":[{"count":1,"href":"https:\/\/www.asta.thm.de\/fr\/wp-json\/wp\/v2\/tribe_events\/7720\/revisions"}],"predecessor-version":[{"id":7722,"href":"https:\/\/www.asta.thm.de\/fr\/wp-json\/wp\/v2\/tribe_events\/7720\/revisions\/7722"}],"wp:attachment":[{"href":"https:\/\/www.asta.thm.de\/fr\/wp-json\/wp\/v2\/media?parent=7720"}],"wp:term":[{"taxonomy":"post_tag","embeddable":true,"href":"https:\/\/www.asta.thm.de\/fr\/wp-json\/wp\/v2\/tags?post=7720"},{"taxonomy":"tribe_events_cat","embeddable":true,"href":"https:\/\/www.asta.thm.de\/fr\/wp-json\/wp\/v2\/tribe_events_cat?post=7720"}],"curies":[{"name":"wp","href":"https:\/\/api.w.org\/{rel}","templated":true}]}}

Visite du campus THM : à la découverte du monde des plantes aromatiques

<p>La biodiversité joue un rôle crucial dans notre équilibre et notre santé, ainsi que dans celle de notre environnement. En mai, la nature est déjà dans toute sa splendeur et nous pouvons découvrir une abondance de plantes sauvages. La promenade des herbes du THM, guidée par le Dr Katharina Vogelsang, vous donnera un aperçu du monde fascinant de la biodiversité à notre porte. Les « plantes médicinales » et les herbes comestibles sont présentées, tandis que les risques de confusion sont abordés. L&rsquo;une ou l&rsquo;autre plante peut également être importante pour la survie de certains insectes. La promenade des herbes a pour but de sensibiliser à l&rsquo;importance de la biodiversité sur le campus et dans la plaine alluviale de la Wieseck, et de donner aux étudiants la possibilité d&rsquo;en faire l&rsquo;expérience directement dans leur vie quotidienne d&rsquo;étudiants. A la fin de cette promenade d&rsquo;environ 3 heures, vous ne serez pas des « experts en herbes* », mais vous aurez un premier aperçu du monde végétal et de son importance pour les hommes et les animaux. Et pour que la convivialité soit au rendez-vous, un fromage blanc aux herbes sera dégusté ensemble après la promenade.       </p>
<p>Si vous souhaitez y participer, veuillez vous inscrire par e-mail en indiquant votre nom complet à l&rsquo;adresse suivante <span id="cloak9db0aa10df6d83fa040cd66fcb99dec1"><a href="mailto:greenoffice@thm.de">greenoffice@thm.de</a></span> pour vous inscrire. La participation est limitée à 20 places. </p>
<p>L&rsquo;événement est une coopération entre Green Office et l&rsquo;AStA de la THM.</p>

<p>La biodiversité joue un rôle crucial dans notre équilibre et notre santé, ainsi que dans celle de notre environnement. En mai, la nature est déjà dans toute sa splendeur et [&hellip;]</p>
